igit of m?
0
Let o be 8/(-12)*(2 + -1 + -4). Suppose -5*g = -5*h + 2 + 3, 1 = -4*h - g. Suppose h = -o*n + 90 - 24. What is the units digit of n?
3
Suppose 4*o - 4*u - 6232 = 0, 9*o + 2*u - 7825 = 4*o. What is the hundreds digit of o?
5
Suppose 7*j - 1485 = 4*j - w, 2*j - 990 = w. What is the units digit of j?
5
Suppose 3*i = -0*f + 2*f - 18, -4*i - 24 = 3*f. Let m(o) = -7*o - 6. Let s(k) = -k**2 + 7*k + 5. Let y(j) = -3*m(j) - 2*s(j). What is the units digit of y(i)?
8
Let r(o) = 60*o - 172. What is the tens digit of r(8)?
0
Suppose -251 = -9*q + 10*q. Let k = q - -400. What is the units digit of k?
9
Suppose w = 5*w - 1924. Suppose -w = 10*a - 2221. What is the tens digit of a?
7
Let k(q) = -12*q - q**2 + 0*q**2 + 2*q**2 + 10 + 0. Let p be k(18). Suppose 0 = 3*r + 10 - p. What is the units digit of r?
6
Suppose 0 = -6*s + 6197 - 1679. What is the hundreds digit of s?
7
Let j(l) = 3*l + 21. Let g(z) = -6*z - 41. Let d(u) = -4*g(u) - 7*j(u). Suppose -1 = -s + 5*c + 2, 4*s = -c + 33. What is the tens digit of d(s)?
4
Let o(r) = -5*r**3 + 2*r**2 + 4*r + 25. What is the units digit of o(-4)?
1
Let b = 1918 + -751. What is the tens digit of b?
6
Suppose -4*w + 0*w + 16 = 0. Let u(y) = y - 8. Let m be u(w). Let j(l) = l**2 - 6*l - 5. What is the tens digit of j(m)?
3
Let x(l) = -5*l + 5. Let v(f) be the third derivative of 5*f**4/24 - f**3 + 5*f**2. Let w(p) = 6*v(p) + 7*x(p). What is the tens digit of w(-3)?
1
Let h = -369 - -705. What is the tens digit of h?
3
Suppose 0 = 11*o - 25*o + 8694. What is the hundreds digit of o?
6
Suppose -24 = -g - 5*q, 0 = -2*g - 3*g - 3*q + 32. Suppose 3*h - 9 = -g*p, 5*p + 0 = h + 16. Suppose p + 66 = 3*w. What is the units digit of w?
3
Let h = 4 - 4. Suppose -4*k = -h*k - 168. What is the tens digit of k?
4
Let w = -542 - -792. What is the tens digit of w?
5
Let v = -59 - -59. Suppose v = -0*h + h + n - 36, -2*h + n = -69. What is the tens digit of h?
3
Suppose -6*g + 62 = -10. What is the tens digit of (-7)/((-28)/432)*18/g?
6
Let v(o) = 67*o - 14. Let i(m) = -68*m + 13. Let s(d) = 5*i(d) + 4*v(d). What is the hundreds digit of s(-3)?
2
Let b(z) = z**2 - 7*z - 1. Let h(x) = -1 - 1 - 3 - x + 7. Let r be h(5). What is the tens digit of b(r)?
2
Let t = 0 - 3. Let f be (0*t/6)/1. Suppose -3*h + 4*h - 14 = f. What is the units digit of h?
4
Suppose -4*o = d - 3492, 5*o + d + 3*d - 4354 = 0. What is the tens digit of o?
7
Let n = 1962 + -67. What is the tens digit of n?
9
What is the hundreds digit of 326 + 4/(-22) + (-36)/44?
3
Let a(p) = -p**2 + 18*p + 5. Let k be a(18). Suppose q - 3*q = -4*y + 54, -k*q - 69 = -4*y. What is the units digit of y?
1
Let q be 0 + (-8 + 1 - 0). Let w(p) = -p**3 - 7*p**2 - 14*p - 10. Let m be w(-4). What is the units digit of 1/(q/m - 3)?
2
Let q(x) = -4*x + 5. Let i = 14 - 12. Let t be 3 + (3 - i)*-7. What is the units digit of q(t)?
1
What is the tens digit of (70/4)/(15640/(-2608) + 6)?
0
What is the hundreds digit of ((-2)/((-4)/227))/(2/12)?
6
Suppose 2*m + 446 = 3*n - 30, -4*n + 3*m + 636 = 0. Suppose 0 = 3*j - 5*i - 237, -2*i + n = 2*j - 6*i. Let a = 141 - j. What is the units digit of a?
7
Suppose -90 = -4*z - 3*o, 2*z - 20 = -5*o + 32. Suppose -z = 2*l - 221. Let a = -67 + l. What is the units digit of a?
3
Let v be -1 + 1 - 9/(-3). Suppose 4*f = v*f - 4. What is the tens digit of (46/f)/(1/(-2))?
2
Let g(y) = -36*y - 2. Let o be g(-4). Let h = o + -87. What is the units digit of h?
5
Let u(j) = -97*j - 106. What is the units digit of u(-6)?
6
Suppose -158 = -5*b + x + 1567, 3*b - 1035 = 4*x. What is the tens digit of b?
4
Let w = -1328 - -2229. What is the hundreds digit of w?
9
Suppose -7 = -3*k + 44. Let w = k - 2. Let h = 20 + w. What is the units digit of h?
5
Let a(k) = -k**3 - 2*k**2 - 2*k - 2. Let u be a(-2). Suppose 4*f + 50 = 2*v, 2*v = -9*f + 5*f - 30. What is the units digit of u/((-34)/f - 3)?
5
Suppose 25*y = 7*y. What is the tens digit of (-1)/(y + (-3)/591)?
9
Suppose -j - 20 = -22. Suppose j*h - 385 = 69. What is the tens digit of h?
2
Suppose 0 = 2*n - 4*p - 99 + 5, 2*p = 3*n - 161. Suppose -8 = w - n. What is the units digit of w?
9
Let y(t) = -84*t + 220. What is the hundreds digit of y(-13)?
3
Suppose -5*h = -4*p + 40, 5*p - 5*h - 50 = -6*h. Suppose -x - 4*x = -2*g + 8, 12 = 3*g - x. What is the units digit of p*3*g/12?
0
Let k = -85 + 88. Suppose 599 = k*b + 128. What is the units digit of b?
7
Let b = 65 + -55. What is the tens digit of ((-228)/b)/((-1)/10)?
2
Suppose -17 = 3*c + 2*n - 92, -c - 5*n + 12 = 0. Suppose 4*k + 3*h - c = 0, -3*k + 7 = -h + 3. What is the tens digit of k/5 + 154/10?
1
Let q(u) = 2*u + 3. Let n be q(8). Let m = 15 - n. What is the units digit of ((-12)/8)/(2/m)?
3
Let x = -763 + 1985. What is the units digit of x?
2
Let d(b) = -3*b**3 - 7*b**2 - 2*b + 4. Let s be d(-3). Suppose s*c - 32*c = -996. What is the tens digit of c?
4
What is the tens digit of 30/4*(-24)/(-12)?
1
Let t be 12/3*(-2 + (-9)/(-3)). Suppose 0 = 7*a - t*a - 396. What is the tens digit of a?
3
Let g be 2*4/(32/12). Suppose -g*a + 5*n = -162, 58 - 14 = a - 5*n. What is the units digit of a?
9
Let p = 212 - 145. Let q = 150 - p. What is the tens digit of q?
8
Suppose -4*x - 2*y + 3*y + 617 = 0, 5*y + 140 = x. Let f = 267 - x. Suppose 0 = -2*o + 4*u + f, u = 3*o - 3*u - 172. What is the tens digit of o?
6
Let i = -8 + 11. Suppose -5*q + 905 = -0*u - 3*u, 0 = i*u + 15. What is the hundreds digit of q?
1
Suppose -4*c + 2 = 42. Let q = 3 + c. What is the units digit of (-121)/q - (-14)/(-49)?
7
Let m = -7 + 7. Suppose 0 = 2*c + 2 + 2. What is the units digit of 2 - (-1 + (m - c))?
1
Suppose 0 = s + 3*j + 8, 3*j + 11 = -1. Suppose -s*y = -13 + 41. What is the units digit of (-4)/(-14) + (-89)/y?
3
Let r be (1 - -2 - 0)/(-1). Let d be (4 + r)*0 - -30. Suppose 3*x = 12, -8 = -n - 2*x + d. What is the tens digit of n?
3
Let l be 4/(-2) - 52/(-4). Suppose l = q - 22. Suppose q = -0*z + z. What is the tens digit of z?
3
Suppose 918 = 3*k - 3*g, 4*k + 4*g + 0*g = 1248. What is the tens digit of k?
0
Let k(s) = 11*s + 2*s**3 - s**3 - 15*s**2 + 4*s + 15. Let b(f) = 3*f**2 - 44*f - 1. Let x be b(15). What is the units digit of k(x)?
9
Let o(a) = -2 + 12*a**2 + 5 + 2 + a**3 + 7*a. What is the tens digit of o(-5)?
4
Suppose 0*o + 2*d = -2*o + 12, 5*o - 20 = -3*d. Suppose -o = -4*j + 4*l - 9*l, 13 = 4*j + l. Suppose -j*q = -26 - 58. What is the units digit of q?
1
Suppose -3*i + 40 = -5*s, -3*i - i + 45 = -5*s. Suppose -3*x + 3*l + 90 = -6*x, -i = -l. Let u = x + 40. What is the units digit of u?
5
Let n = -1 - -3. Suppose -n*b = 5*f + 17, -3*b + 3*f = -2*b - 19. What is the units digit of (b + 14)*(-1)/(-3)?
6
Suppose s = -98 + 4. Let o = s - -170. What is the tens digit of o?
7
Let c = 12 - 20. Let l(s) = -s**3 - 7*s**2 + 7*s - 1. What is the units digit of l(c)?
7
Let j be (-903)/(-28) - (-3)/(-12). What is the tens digit of 2024/j + 1/(-4)?
6
Let q be (-4)/(-14) + (-76)/(-28). Suppose 5*i + q*u - 23 = 0, -13 = -3*i - 3*u + 2*u. What is the units digit of i?
4
Let z(r) = -r**3 - r**2 + 71. Let t be z(0). Suppose 30*a + 62 = 28*a. Let p = a + t. What is the tens digit of p?
4
Let z = -30 + 35. Suppose -4*b - z*o + 15 = 0, -8 = -2*b - o + 7. What is the tens digit of b?
1
What is the tens digit of 3 - -306 - (-6)/6?
1
Let q(h) = -93*h**3 - 6*h**2 + 3*h + 1. What is the hundreds digit of q(-3)?
4
Let y(j) = j**2 + 5*j + 1. Let l be (-4)/30 + (-124)/(-30). What is the units digit of y(l)?
7
Let g be 2/((-18)/10 + 2). Suppose 4*a + 1 = b - g, 2*b - a = 15. Suppose b*j + 59 = 8*j. What is the tens digit of j?
5
Let g(z) = -z**3 - 3*z**2 + 18*z + 32. What is the units digit of g(-8)?
8
Let v(g) = g - 6. Let h be v(0). Suppose 4*x + 4*s = 9*s + 84, 2*x - 3*s = 42. Let r = h + x. What is the tens digit of r?
1
Let f = 736 - -144. What is the tens digit of f?
8
Let q = 2802 + -1878. Let n = q + -610. What is the tens digit of n?
1
Let a = 346 + 396. What is the hundreds digit of a?
7
What is the hundreds digit of 6/(-24)*0 - -500?
5
Suppose 2*x = 5 + 3, x = -u + 6. Suppose 0 - 6 = -u*t. Suppose b - t = 15. What is the units digit of b?
8
Suppose 80*p - 305496 = 8*p. What is the tens digit of p?
4
Suppose 6*n - 704 = -c + 10*n, 0 = -3*n + 6. What is the tens digit of c?
1
Let n(b) 